Suppose 0 = -3*j + 2*q + 150, -3*q + 152 = 3*j - 13. Let t(s) = -s**3 + 7*s**2 - 5*s - 2. Let p be t(4). Calculate the highest common factor of j and p.
26
Let h be -2 + 7 + (2 + 1 - 3). What is the highest common factor of h and 5?
5
Let c(f) be the second derivative of -3*f**5/5 + f**4/12 + f**3/3 + f**2/2 - f. Let p be c(-1). Calculate the highest common divisor of 48 and p.
12
Let q = -113 + 133. Calculate the highest common divisor of 60 and q.
20
Let w be 70*4/(-2)*-1. Suppose -5*g = -4*x - 130, -2*g = -7*g + 2*x + w. What is the highest common factor of g and 15?
15
Let l be 16 + -3 - (-4)/2. Let c = 11 + 32. Let x = -28 + c. What is the greatest common divisor of l and x?
15
Suppose -i + 10 = 3*l - 18, -2*l = -2*i - 32. Calculate the highest common factor of 22 and l.
11
Let w(x) = 5*x - 17. Let s be w(10). What is the greatest common factor of s and 3?
3
Let a(l) = 6*l + 2. Let p be a(1). Calculate the highest common divisor of p and 16.
8
Let j be 1/(-5) - (2 + 836/(-5)). Calculate the greatest common factor of 15 and j.
15
Suppose 5*r - 2*p + p = 57, 4*p + 19 = r. Suppose -5*q + 4 = -4*q. Suppose 15 = 5*y, 133 = -0*s + s + q*y. What is the highest common divisor of r and s?
11
Let v(z) = 3*z**3 - 3*z - 3. Suppose 3*a - 5*a = -c + 2, 3*a + 14 = -4*c. Let u be v(a). Let r = u + 37. What is the greatest common divisor of r and 64?
16
Let i be 10/(36/(-19) - -2). Suppose 0*k = -3*k - 57. Let y be (-2 + 1)/(1/k). Calculate the greatest common factor of y and i.
19
Let a be ((-2 + 2)/1)/1. Let g(t) = -t - t + t + a. Let q be g(-1). What is the greatest common divisor of q and 6?
1
Let b(a) = 7*a + 76. Let k be b(4). What is the greatest common factor of k and 52?
52
Let p(b) = b**3 - 5*b**2 + 3*b - 4. Let o be p(5). Calculate the greatest common factor of o and 1.
1
Let q = -76 + 176. What is the highest common divisor of q and 40?
20
Let w = 11 - -5. Calculate the highest common divisor of 8 and w.
8
Let m(f) = -f**3 - 13*f**2 + 4. Let l be m(-13). Suppose -q + 440 = 2*q + 2*o, l*q - 580 = -o. Calculate the greatest common factor of 18 and q.
18
Let m(u) = 2*u**2 - u - 1. Let p be m(2). Suppose p*h = h + 4. Suppose 19 + 17 = 4*q. Calculate the highest common factor of q and h.
1
Let h(v) = 79*v + 1. Let y be h(1). What is the highest common factor of 16 and y?
16
Let r(m) = 41*m. Let q be r(3). Suppose 3*x - q = 357. Let g = 240 - x. Calculate the highest common divisor of g and 10.
10
Let w be 12*(2 - (-1)/(-3)). Calculate the greatest common factor of w and 50.
10
Let a = -14 - -28. Suppose -2*m + 0*m + 140 = 0. What is the greatest common divisor of m and a?
14
Let a(h) = h**3 + 11*h**2 + 9*h - 10. Let l be a(-8). Calculate the highest common divisor of 22 and l.
22
Let m(p) = 7*p + 4. Let v(s) = s + 1. Let l(k) = -m(k) + 2*v(k). Let o be l(-2). Calculate the greatest common factor of o and 24.
8
Suppose -57 = -n - 9. Let i(m) = 6*m**2. Let t be i(1). What is the highest common factor of n and t?
6
Suppose 24*b - 1024 = 8*b. Calculate the greatest common divisor of b and 160.
32
Let h be (27 + 0)*(-16)/(-6). Calculate the greatest common divisor of 9 and h.
9
Suppose 4*q + y - 4 = 4, -5*q - 2*y = -10. Suppose 4*b - b - 13 = -q*t, 9 = b + 3*t. Let p = 10 + 23. Calculate the greatest common divisor of b and p.
3
Suppose 3*f - 155 = -j - j, j = 4. Let q be (3/(-6))/(2/(-20)) + 2. Calculate the highest common divisor of f and q.
7
Suppose 21 = -3*p + 7*p + 5*k, 3*k - 7 = -p. Let s be (-237)/(-33) + p/(-22). Calculate the highest common divisor of 21 and s.
7
Let x = -113 - -243. Let y be (51/(-15) + 3)*145. Let a = x + y. What is the highest common factor of a and 9?
9
Suppose 0 = 16*z - 13*z - 63. Calculate the highest common factor of 42 and z.
21
Let m be (2 - 3)*1*0. Suppose m = -4*k + 3*i + 128, -4*k + 57 + 67 = -4*i. Calculate the greatest common divisor of k and 70.
35
Let n be (9/6)/((-3)/(-4)). Let i be 0 - n - (-60 + -1). Let k = -31 + i. Calculate the highest common factor of 70 and k.
14
Let c(g) = g**2 + 2*g - 3. Suppose 2*p + o = -2 - 5, -11 = 4*p + 3*o. Let w be c(p). Let k be 2/(1/4*2). Calculate the highest common factor of w and k.
4
Let n(k) = -k**2 + 5*k - 1. Let q be n(2). Let j be ((-3)/(-4))/(q/120). Let i be (2 - 21/(-6))*j. What is the greatest common divisor of 9 and i?
9
Suppose 3*y + 15 = 72. What is the greatest common divisor of y and 57?
19
Let b = -26 - -50. Calculate the highest common divisor of 16 and b.
8
Let u be -1 + (-7)/(14/(-8)). What is the greatest common divisor of 24 and u?
3
Let x(d) = 2*d**3 - 4*d**2 + d - 1. Let h be x(3). What is the highest common divisor of h and 10?
10
Let l(c) = -2*c - 1. Let k be l(1). Let u be k - 8*-2 - 0. Calculate the highest common divisor of u and 143.
13
Suppose -3*l + 0 = 3*j - 9, 3*j + 4*l - 6 = 0. Suppose 10 = t + t. Suppose 26 = t*h + u - 3*u, 4*h = u + 22. Calculate the greatest common factor of j and h.
6
Suppose 3*g - l - 5 = g, 0 = 3*l - 9. What is the highest common factor of g and 12?
4
Suppose -4*p + 1 + 10 = v, 0 = 3*p - 4*v + 6. Suppose -p*t = 49 - 119. What is the greatest common factor of 7 and t?
7
Let p = -9 + -6. Let y = p - -25. Let r = y + 4. What is the greatest common divisor of r and 112?
14
Let d = -4 - -5. Let l be (1 - 1)/(d/1). Let q = 12 - l. Calculate the greatest common divisor of 3 and q.
3
Let j(p) = p**3 + 7*p**2 - 5*p + 11. Suppose 40 + 0 = -5*m. Let h be j(m). Let w = 11 - h. What is the highest common divisor of 36 and w?
12
Let o(y) = -y**3 - y**2 - y. Let b be o(-2). Calculate the greatest common divisor of 12 and b.
6
Let d = 26 - 23. What is the greatest common factor of 24 and d?
3
Suppose 2*q - 15 = -3. Calculate the highest common factor of q and 66.
6
Suppose -4*x + 3*x = -8. Let i(q) = 1. Let b(g) = 3*g - 4. Let z(w) = b(w) + 6*i(w). Let d be z(2). What is the highest common factor of d and x?
8
Suppose 2*r + b = -r + 18, -r - 4*b = -6. Let p(t) = -r*t + 0*t - 1 - 2. Let z be p(-3). What is the highest common factor of 120 and z?
15
Let h(x) = 13*x**3 - x + 2. Let m be h(1). Calculate the highest common factor of 8 and m.
2
Let p be (7300/(-175) - (-4)/(-14))/(-2). Let d = -20 - -34. Calculate the highest common factor of p and d.
7
Suppose -3*u + 6*u + 15 = 0, -3*o - 12 = 3*u. Let c be o + (-45)/6*-2. Calculate the highest common divisor of 40 and c.
8
Let b be (4/5)/((-8)/(-140)). What is the highest common factor of 14 and b?
14
Let s be (-1)/3*0 - -1. Let k(p) = 3*p - 2. Let x be k(2). Calculate the highest common factor of s and x.
1
Suppose 9*w = 4*w + 750. Calculate the greatest common factor of 15 and w.
15
Let c = 32 - 17. Suppose -5*q + 4*y - 3 = -12, q + c = 5*y. Calculate the highest common factor of q and 5.
5
Let q be -23*((-4)/(-4))/(-1). What is the greatest common divisor of q and 161?
23
Let l be (-4)/8*-4 - -273. What is the highest common divisor of 25 and l?
25
Suppose 2*o = -3*f + 28, f + 35 = 2*o - 9. What is the greatest common factor of 40 and o?
20
Let j(h) = -h**3 + 12*h**2 - 12*h + 8. Let n be j(11). Let s = 7 + n. Suppose -c - 21 = -s*c. What is the highest common divisor of c and 28?
7
Let r = 4 - -140. What is the greatest common factor of 9 and r?
9
Suppose -y + 5*p = -0*y + 22, -3*p + 9 = -2*y. Calculate the greatest common divisor of 3 and y.
3
Let d(y) = 2*y + 1 - 4*y + 40*y**3 + y**2 + 0*y**2 + 14*y**3. Let m be 3 - -1*(-4 - -2). Let f be d(m). What is the greatest common divisor of 36 and f?
18
Suppose 0 = g + 2*g - 72. What is the highest common factor of 16 and g?
8
Suppose 3*f + 266 = -j, 2*j - 2*f = 4*j + 536. Let p = j - -411. Suppose 5*n + r - p = 0, 3*n + 3*r = -2*n + 146. What is the greatest common factor of 4 and n?
4
Let s(z) = 2*z - 5. Let w be s(5). Suppose -q = 4*h + h - 132, w*h + 2*q = 129. What is the highest common divisor of 27 and h?
27
Let j be -2 - 1/(-1)*31. Let g = -20 + 25. Suppose -2*v = 3*u - g, -5*v + 0*v + j = 2*u. Calculate the greatest common divisor of v and 28.
7
Let k(t) = -t**3 + 15*t**2 + t - 12. Let y be k(15). What is the highest common factor of y and 27?
3
Suppose -12*q - 150 = -18*q. What is the greatest common factor of 10 and q?
5
Let a(v) = 10*v - 35. Let u be a(5). Calculate the greatest common factor of u and 3.
3
Let g be (-15)/(-